{"id":11339,"date":"2023-04-18T00:19:44","date_gmt":"2023-04-17T22:19:44","guid":{"rendered":"https:\/\/www.cse.sn\/?page_id=11339"},"modified":"2024-10-04T16:59:52","modified_gmt":"2024-10-04T16:59:52","slug":"notre-strategie","status":"publish","type":"page","link":"https:\/\/www.cse.sn\/?page_id=11339","title":{"rendered":"Notre Strat\u00e9gie"},"content":{"rendered":"\t\t<div data-elementor-type=\"wp-page\" data-elementor-id=\"11339\" class=\"elementor elementor-11339\" data-elementor-post-type=\"page\">\n\t\t\t\t\t\t\t\t\t<section data-particle_enable=\"false\" data-particle-mobile-disabled=\"false\" class=\"elementor-section elementor-top-section elementor-element elementor-element-caca400 elementor-section-boxed elementor-section-height-default elementor-section-height-default\" data-id=\"caca400\" data-element_type=\"section\">\n\t\t\t\t\t\t<div class=\"elementor-container elementor-column-gap-default\">\n\t\t\t\t\t<div class=\"elementor-column elementor-col-33 elementor-top-column elementor-element elementor-element-2c4a764\" data-id=\"2c4a764\" data-element_type=\"column\">\n\t\t\t<div class=\"elementor-widget-wrap elementor-element-populated\">\n\t\t\t\t\t\t\t\t<div class=\"elementor-element elementor-element-17df3a2 elementor-widget elementor-widget-image\" data-id=\"17df3a2\" data-element_type=\"widget\" data-widget_type=\"image.default\">\n\t\t\t\t<div class=\"elementor-widget-container\">\n\t\t\t<style>\/*! elementor - v3.17.0 - 08-11-2023 *\/\n.elementor-widget-image{text-align:center}.elementor-widget-image a{display:inline-block}.elementor-widget-image a img[src$=\".svg\"]{width:48px}.elementor-widget-image img{vertical-align:middle;display:inline-block}<\/style>\t\t\t\t\t\t\t\t\t\t\t\t<img loading=\"lazy\" decoding=\"async\" width=\"293\" height=\"419\" src=\"https:\/\/www.cse.sn\/wp-content\/uploads\/2024\/10\/plan-strategique-2023-2027.jpg\" class=\"attachment-large size-large wp-image-14519\" alt=\"\" srcset=\"https:\/\/www.cse.sn\/wp-content\/uploads\/2024\/10\/plan-strategique-2023-2027.jpg 293w, https:\/\/www.cse.sn\/wp-content\/uploads\/2024\/10\/plan-strategique-2023-2027-210x300.jpg 210w\" sizes=\"auto, (max-width: 293px) 100vw, 293px\" \/>\t\t\t\t\t\t\t\t\t\t\t\t\t\t\t<\/div>\n\t\t\t\t<\/div>\n\t\t\t\t<div class=\"elementor-element elementor-element-a087671 elementor-align-center elementor-widget elementor-widget-button\" data-id=\"a087671\" data-element_type=\"widget\" data-widget_type=\"button.default\">\n\t\t\t\t<div class=\"elementor-widget-container\">\n\t\t\t\t\t<div class=\"elementor-button-wrapper\">\n\t\t\t<a class=\"elementor-button elementor-button-link elementor-size-sm\" href=\"https:\/\/www.cse.sn\/wp-admin\/admin-ajax.php?juwpfisadmin=false&#038;action=wpfd&#038;task=file.download&#038;wpfd_category_id=76&#038;wpfd_file_id=14523\" target=\"_blank\">\n\t\t\t\t\t\t<span class=\"elementor-button-content-wrapper\">\n\t\t\t\t\t\t<span class=\"elementor-button-icon elementor-align-icon-right\">\n\t\t\t\t<i aria-hidden=\"true\" class=\"fas fa-download\"><\/i>\t\t\t<\/span>\n\t\t\t\t\t\t<span class=\"elementor-button-text\">T\u00e9l\u00e9charger<\/span>\n\t\t<\/span>\n\t\t\t\t\t<\/a>\n\t\t<\/div>\n\t\t\t\t<\/div>\n\t\t\t\t<\/div>\n\t\t\t\t\t<\/div>\n\t\t<\/div>\n\t\t\t\t<div class=\"elementor-column elementor-col-66 elementor-top-column elementor-element elementor-element-1f31eca\" data-id=\"1f31eca\" data-element_type=\"column\">\n\t\t\t<div class=\"elementor-widget-wrap elementor-element-populated\">\n\t\t\t\t\t\t\t\t<div class=\"elementor-element elementor-element-4b5a697 elementor-widget elementor-widget-text-editor\" data-id=\"4b5a697\" data-element_type=\"widget\" data-widget_type=\"text-editor.default\">\n\t\t\t\t<div class=\"elementor-widget-container\">\n\t\t\t<style>\/*! elementor - v3.17.0 - 08-11-2023 *\/\n.elementor-widget-text-editor.elementor-drop-cap-view-stacked .elementor-drop-cap{background-color:#69727d;color:#fff}.elementor-widget-text-editor.elementor-drop-cap-view-framed .elementor-drop-cap{color:#69727d;border:3px solid;background-color:transparent}.elementor-widget-text-editor:not(.elementor-drop-cap-view-default) .elementor-drop-cap{margin-top:8px}.elementor-widget-text-editor:not(.elementor-drop-cap-view-default) .elementor-drop-cap-letter{width:1em;height:1em}.elementor-widget-text-editor .elementor-drop-cap{float:left;text-align:center;line-height:1;font-size:50px}.elementor-widget-text-editor .elementor-drop-cap-letter{display:inline-block}<\/style>\t\t\t\t<p>Au cours des derni\u00e8res d\u00e9cennies, le p\u00e9rim\u00e8tre des probl\u00e9matiques environnementales s&#8217;est consid\u00e9rablement \u00e9largi. Aux questions de gestion et d&#8217;am\u00e9lioration du cadre de vie, sont venus se rajouter des probl\u00e8mes globaux li\u00e9s au d\u00e9r\u00e8glement climatique, \u00e0 la d\u00e9gradation de la biodiversit\u00e9, \u00e0 la d\u00e9sertification et \u00e0 la persistance des sources de pollution. La production de donn\u00e9es et la ma\u00eetrise de l&#8217;information environnementale sont devenues des outils essentiels pour la d\u00e9finition, la mise en \u0153uvre et l&#8217;\u00e9valuation des politiques environnementales et de d\u00e9veloppement durable.<\/p><p><strong>Le plan strat\u00e9gique 2023-2027 du Centre de Suivi Ecologique (CSE)<\/strong> est un cadre de r\u00e9f\u00e9rence des orientations, du fonctionnement et de l&#8217;organisation au cours des cinq prochaines ann\u00e9es. Il constitue une feuille de route qui permettra de r\u00e9aliser, au mieux, la mission du CSE, de mettre en place une \u00e9quipe productive et de renforcer l&#8217;identit\u00e9 et la position de l&#8217;institution aux niveaux national et r\u00e9gional. Le plan est r\u00e9alis\u00e9 dans un contexte \u00e9co-climatique perturb\u00e9 marqu\u00e9 par la pand\u00e9mie de Covid-19, et la remise en question des mod\u00e8les de d\u00e9veloppement.<\/p><p>Cr\u00e9\u00e9 en 1993, le CSE est une association d&#8217;utilit\u00e9 publique plac\u00e9e sous la tutelle technique du Minist\u00e8re en charge de l&#8217;Environnement. Il a pour mission de \u00ab Contribuer \u00e0 la connaissance et \u00e0 la gestion durable des ressources naturelles et de l&#8217;environnement, par la production et la diffusion de produits et de services d&#8217;aide \u00e0 la d\u00e9cision pour notamment, l&#8217;Etat, les Collectivit\u00e9s territoriales, le secteur priv\u00e9, la soci\u00e9t\u00e9 civile, les institutions de recherche et de d\u00e9veloppement, les organisations de producteurs et les partenaires au d\u00e9veloppement \u00bb. Le CSE travaille sur des programmes relatifs \u00e0 la veille environnementale et la s\u00e9curit\u00e9 alimentaire, la gestion des ressources naturelles et l&#8217;appui au d\u00e9veloppement local, l&#8217;\u00e9valuation environnementale et la gestion des risques, la socio-\u00e9conomie de l&#8217;environnement, la r\u00e9silience-climat et la recherche-d\u00e9veloppement.<\/p><p>Tenant compte des d\u00e9fis et enjeux (politiques, socio-\u00e9conomiques, environnementaux et scientifiques) du r\u00f4le essentiel du capital naturel dans la r\u00e9alisation des objectifs du PSE, la vision du CSE \u00e0 l&#8217;horizon 2035 est d&#8217;\u00eatre \u00ab Un centre de r\u00e9f\u00e9rence en mati\u00e8re de donn\u00e9es \u00e9cologiques et environnementales qui participent aux transformations structurelles pour un d\u00e9veloppement durable, avec une contribution significative \u00e0 l&#8217;\u00e9mergence dans la solidarit\u00e9 intra et interg\u00e9n\u00e9rationnelle \u00bb. Elle est en phase avec les orientations du PSE vert et veille \u00e0 la durabilit\u00e9 de la croissance.<\/p><p>L&#8217;objectif g\u00e9n\u00e9ral du plan strat\u00e9gique 2023-2027 est de \u00ab Contribuer \u00e0 l&#8217;am\u00e9lioration des donn\u00e9es et informations \u00e9cologiques pour asseoir les bases d&#8217;une trajectoire de d\u00e9veloppement durable et r\u00e9silient \u00bb. Il est d\u00e9clin\u00e9 en cinq (5) objectifs sp\u00e9cifiques:<\/p><ol><li>am\u00e9liorer les outils de suivi des \u00e9cosyst\u00e8mes et la mise en \u0153uvre de projets et programmes en appui aux politiques publiques;<\/li><li>renforcer l&#8217;appui au d\u00e9veloppement local durable, \u00e0 l&#8217;innovation et la recherche-d\u00e9veloppement ;<\/li><li>am\u00e9liorer la mobilisation des ressources et diversifier les partenariats ; <\/li><li>renforcer les capacit\u00e9s techniques, l&#8217;organisation, les \u00e9quipements et le suivi-\u00e9valuation ; <\/li><li>am\u00e9liorer la valorisation des connaissances et la visibilit\u00e9 des produits ou services fournis.<\/li><\/ol><p>Un comit\u00e9 technique de coordination et un dispositif de suivi-\u00e9valuation compos\u00e9 des structures du CSE, des partenaires et de l&#8217;ensemble des acteurs d\u00e9positaires d&#8217;enjeux sont mis en place. Le plan strat\u00e9gique fera l&#8217;objet de deux \u00e9valuations (\u00e0 mi-parcours et une \u00e9valuation finale). Des revues annuelles permettront de mesurer le niveau d&#8217;atteinte des objectifs. Les risques et mesures d&#8217;att\u00e9nuation ont \u00e9t\u00e9 identifi\u00e9s.<\/p>\t\t\t\t\t\t<\/div>\n\t\t\t\t<\/div>\n\t\t\t\t\t<\/div>\n\t\t<\/div>\n\t\t\t\t\t\t\t<\/div>\n\t\t<\/section>\n\t\t\t\t\t\t\t<\/div>\n\t\t","protected":false},"excerpt":{"rendered":"<p>T\u00e9l\u00e9charger Au cours des derni\u00e8res d\u00e9cennies, le p\u00e9rim\u00e8tre des probl\u00e9matiques environnementales s&#8217;est consid\u00e9rablement \u00e9largi. Aux questions de gestion et d&#8217;am\u00e9lioration du cadre de vie, sont venus se rajouter des probl\u00e8mes globaux li\u00e9s au d\u00e9r\u00e8glement climatique, \u00e0 la d\u00e9gradation de la biodiversit\u00e9, \u00e0 la d\u00e9sertification et \u00e0 la persistance des sources de pollution. La production de [&hellip;]<\/p>\n","protected":false},"author":1,"featured_media":0,"parent":0,"menu_order":0,"comment_status":"closed","ping_status":"closed","template":"","meta":{"inline_featured_image":false,"cybocfi_hide_featured_image":"","footnotes":""},"class_list":["post-11339","page","type-page","status-publish","hentry"],"yoast_head":"<!-- This site is optimized with the Yoast SEO plugin v27.5 - https:\/\/yoast.com\/product\/yoast-seo-wordpress\/ -->\n<title>Notre Strat\u00e9gie - Centre de Suivi \u00c9cologique<\/title>\n<meta name=\"robots\" content=\"index, follow, max-snippet:-1, max-image-preview:large, max-video-preview:-1\" \/>\n<link rel=\"canonical\" href=\"https:\/\/www.cse.sn\/?page_id=11339\" \/>\n<meta property=\"og:locale\" content=\"fr_FR\" \/>\n<meta property=\"og:type\" content=\"article\" \/>\n<meta property=\"og:title\" content=\"Notre Strat\u00e9gie - Centre de Suivi \u00c9cologique\" \/>\n<meta property=\"og:description\" content=\"T\u00e9l\u00e9charger Au cours des derni\u00e8res d\u00e9cennies, le p\u00e9rim\u00e8tre des probl\u00e9matiques environnementales s&#8217;est consid\u00e9rablement \u00e9largi. Aux questions de gestion et d&#8217;am\u00e9lioration du cadre de vie, sont venus se rajouter des probl\u00e8mes globaux li\u00e9s au d\u00e9r\u00e8glement climatique, \u00e0 la d\u00e9gradation de la biodiversit\u00e9, \u00e0 la d\u00e9sertification et \u00e0 la persistance des sources de pollution. La production de [&hellip;]\" \/>\n<meta property=\"og:url\" content=\"https:\/\/www.cse.sn\/?page_id=11339\" \/>\n<meta property=\"og:site_name\" content=\"Centre de Suivi \u00c9cologique\" \/>\n<meta property=\"article:modified_time\" content=\"2024-10-04T16:59:52+00:00\" \/>\n<meta property=\"og:image\" content=\"https:\/\/www.cse.sn\/wp-content\/uploads\/2024\/10\/plan-strategique-2023-2027.jpg\" \/>\n<meta name=\"twitter:card\" content=\"summary_large_image\" \/>\n<meta name=\"twitter:label1\" content=\"Dur\u00e9e de lecture estim\u00e9e\" \/>\n\t<meta name=\"twitter:data1\" content=\"3 minutes\" \/>\n<script type=\"application\/ld+json\" class=\"yoast-schema-graph\">{\"@context\":\"https:\\\/\\\/schema.org\",\"@graph\":[{\"@type\":\"WebPage\",\"@id\":\"https:\\\/\\\/www.cse.sn\\\/?page_id=11339\",\"url\":\"https:\\\/\\\/www.cse.sn\\\/?page_id=11339\",\"name\":\"Notre Strat\u00e9gie - Centre de Suivi \u00c9cologique\",\"isPartOf\":{\"@id\":\"https:\\\/\\\/www.cse.sn\\\/#website\"},\"primaryImageOfPage\":{\"@id\":\"https:\\\/\\\/www.cse.sn\\\/?page_id=11339#primaryimage\"},\"image\":{\"@id\":\"https:\\\/\\\/www.cse.sn\\\/?page_id=11339#primaryimage\"},\"thumbnailUrl\":\"https:\\\/\\\/www.cse.sn\\\/wp-content\\\/uploads\\\/2024\\\/10\\\/plan-strategique-2023-2027.jpg\",\"datePublished\":\"2023-04-17T22:19:44+00:00\",\"dateModified\":\"2024-10-04T16:59:52+00:00\",\"inLanguage\":\"fr-FR\",\"potentialAction\":[{\"@type\":\"ReadAction\",\"target\":[\"https:\\\/\\\/www.cse.sn\\\/?page_id=11339\"]}]},{\"@type\":\"ImageObject\",\"inLanguage\":\"fr-FR\",\"@id\":\"https:\\\/\\\/www.cse.sn\\\/?page_id=11339#primaryimage\",\"url\":\"https:\\\/\\\/www.cse.sn\\\/wp-content\\\/uploads\\\/2024\\\/10\\\/plan-strategique-2023-2027.jpg\",\"contentUrl\":\"https:\\\/\\\/www.cse.sn\\\/wp-content\\\/uploads\\\/2024\\\/10\\\/plan-strategique-2023-2027.jpg\",\"width\":293,\"height\":419},{\"@type\":\"WebSite\",\"@id\":\"https:\\\/\\\/www.cse.sn\\\/#website\",\"url\":\"https:\\\/\\\/www.cse.sn\\\/\",\"name\":\"Centre de Suivi \u00c9cologique\",\"description\":\"\",\"publisher\":{\"@id\":\"https:\\\/\\\/www.cse.sn\\\/#organization\"},\"potentialAction\":[{\"@type\":\"SearchAction\",\"target\":{\"@type\":\"EntryPoint\",\"urlTemplate\":\"https:\\\/\\\/www.cse.sn\\\/?s={search_term_string}\"},\"query-input\":{\"@type\":\"PropertyValueSpecification\",\"valueRequired\":true,\"valueName\":\"search_term_string\"}}],\"inLanguage\":\"fr-FR\"},{\"@type\":\"Organization\",\"@id\":\"https:\\\/\\\/www.cse.sn\\\/#organization\",\"name\":\"Centre de Suivi \u00c9cologique\",\"url\":\"https:\\\/\\\/www.cse.sn\\\/\",\"logo\":{\"@type\":\"ImageObject\",\"inLanguage\":\"fr-FR\",\"@id\":\"https:\\\/\\\/www.cse.sn\\\/#\\\/schema\\\/logo\\\/image\\\/\",\"url\":\"https:\\\/\\\/www.cse.sn\\\/wp-content\\\/uploads\\\/2023\\\/03\\\/logo-cse-siteweb.png\",\"contentUrl\":\"https:\\\/\\\/www.cse.sn\\\/wp-content\\\/uploads\\\/2023\\\/03\\\/logo-cse-siteweb.png\",\"width\":234,\"height\":90,\"caption\":\"Centre de Suivi \u00c9cologique\"},\"image\":{\"@id\":\"https:\\\/\\\/www.cse.sn\\\/#\\\/schema\\\/logo\\\/image\\\/\"}}]}<\/script>\n<!-- \/ Yoast SEO plugin. -->","yoast_head_json":{"title":"Notre Strat\u00e9gie - Centre de Suivi \u00c9cologique","robots":{"index":"index","follow":"follow","max-snippet":"max-snippet:-1","max-image-preview":"max-image-preview:large","max-video-preview":"max-video-preview:-1"},"canonical":"https:\/\/www.cse.sn\/?page_id=11339","og_locale":"fr_FR","og_type":"article","og_title":"Notre Strat\u00e9gie - Centre de Suivi \u00c9cologique","og_description":"T\u00e9l\u00e9charger Au cours des derni\u00e8res d\u00e9cennies, le p\u00e9rim\u00e8tre des probl\u00e9matiques environnementales s&#8217;est consid\u00e9rablement \u00e9largi. Aux questions de gestion et d&#8217;am\u00e9lioration du cadre de vie, sont venus se rajouter des probl\u00e8mes globaux li\u00e9s au d\u00e9r\u00e8glement climatique, \u00e0 la d\u00e9gradation de la biodiversit\u00e9, \u00e0 la d\u00e9sertification et \u00e0 la persistance des sources de pollution. La production de [&hellip;]","og_url":"https:\/\/www.cse.sn\/?page_id=11339","og_site_name":"Centre de Suivi \u00c9cologique","article_modified_time":"2024-10-04T16:59:52+00:00","og_image":[{"url":"https:\/\/www.cse.sn\/wp-content\/uploads\/2024\/10\/plan-strategique-2023-2027.jpg","type":"","width":"","height":""}],"twitter_card":"summary_large_image","twitter_misc":{"Dur\u00e9e de lecture estim\u00e9e":"3 minutes"},"schema":{"@context":"https:\/\/schema.org","@graph":[{"@type":"WebPage","@id":"https:\/\/www.cse.sn\/?page_id=11339","url":"https:\/\/www.cse.sn\/?page_id=11339","name":"Notre Strat\u00e9gie - Centre de Suivi \u00c9cologique","isPartOf":{"@id":"https:\/\/www.cse.sn\/#website"},"primaryImageOfPage":{"@id":"https:\/\/www.cse.sn\/?page_id=11339#primaryimage"},"image":{"@id":"https:\/\/www.cse.sn\/?page_id=11339#primaryimage"},"thumbnailUrl":"https:\/\/www.cse.sn\/wp-content\/uploads\/2024\/10\/plan-strategique-2023-2027.jpg","datePublished":"2023-04-17T22:19:44+00:00","dateModified":"2024-10-04T16:59:52+00:00","inLanguage":"fr-FR","potentialAction":[{"@type":"ReadAction","target":["https:\/\/www.cse.sn\/?page_id=11339"]}]},{"@type":"ImageObject","inLanguage":"fr-FR","@id":"https:\/\/www.cse.sn\/?page_id=11339#primaryimage","url":"https:\/\/www.cse.sn\/wp-content\/uploads\/2024\/10\/plan-strategique-2023-2027.jpg","contentUrl":"https:\/\/www.cse.sn\/wp-content\/uploads\/2024\/10\/plan-strategique-2023-2027.jpg","width":293,"height":419},{"@type":"WebSite","@id":"https:\/\/www.cse.sn\/#website","url":"https:\/\/www.cse.sn\/","name":"Centre de Suivi \u00c9cologique","description":"","publisher":{"@id":"https:\/\/www.cse.sn\/#organization"},"potentialAction":[{"@type":"SearchAction","target":{"@type":"EntryPoint","urlTemplate":"https:\/\/www.cse.sn\/?s={search_term_string}"},"query-input":{"@type":"PropertyValueSpecification","valueRequired":true,"valueName":"search_term_string"}}],"inLanguage":"fr-FR"},{"@type":"Organization","@id":"https:\/\/www.cse.sn\/#organization","name":"Centre de Suivi \u00c9cologique","url":"https:\/\/www.cse.sn\/","logo":{"@type":"ImageObject","inLanguage":"fr-FR","@id":"https:\/\/www.cse.sn\/#\/schema\/logo\/image\/","url":"https:\/\/www.cse.sn\/wp-content\/uploads\/2023\/03\/logo-cse-siteweb.png","contentUrl":"https:\/\/www.cse.sn\/wp-content\/uploads\/2023\/03\/logo-cse-siteweb.png","width":234,"height":90,"caption":"Centre de Suivi \u00c9cologique"},"image":{"@id":"https:\/\/www.cse.sn\/#\/schema\/logo\/image\/"}}]}},"_links":{"self":[{"href":"https:\/\/www.cse.sn\/index.php?rest_route=\/wp\/v2\/pages\/11339","targetHints":{"allow":["GET"]}}],"collection":[{"href":"https:\/\/www.cse.sn\/index.php?rest_route=\/wp\/v2\/pages"}],"about":[{"href":"https:\/\/www.cse.sn\/index.php?rest_route=\/wp\/v2\/types\/page"}],"author":[{"embeddable":true,"href":"https:\/\/www.cse.sn\/index.php?rest_route=\/wp\/v2\/users\/1"}],"replies":[{"embeddable":true,"href":"https:\/\/www.cse.sn\/index.php?rest_route=%2Fwp%2Fv2%2Fcomments&post=11339"}],"version-history":[{"count":25,"href":"https:\/\/www.cse.sn\/index.php?rest_route=\/wp\/v2\/pages\/11339\/revisions"}],"predecessor-version":[{"id":14538,"href":"https:\/\/www.cse.sn\/index.php?rest_route=\/wp\/v2\/pages\/11339\/revisions\/14538"}],"wp:attachment":[{"href":"https:\/\/www.cse.sn\/index.php?rest_route=%2Fwp%2Fv2%2Fmedia&parent=11339"}],"curies":[{"name":"wp","href":"https:\/\/api.w.org\/{rel}","templated":true}]}}