{"id":14054,"date":"2024-06-19T12:28:11","date_gmt":"2024-06-19T12:28:11","guid":{"rendered":"https:\/\/www.cse.sn\/?page_id=14054"},"modified":"2024-06-19T12:35:44","modified_gmt":"2024-06-19T12:35:44","slug":"projet-suivi-des-risques-cotiers-et-solutions-douces-au-benin-senegal-et-togo","status":"publish","type":"page","link":"https:\/\/www.cse.sn\/?page_id=14054","title":{"rendered":"Projet \u00ab Suivi des Risques c\u00f4tiers et solutions douces au B\u00e9nin, S\u00e9n\u00e9gal et Togo \u00bb"},"content":{"rendered":"\t\t<div data-elementor-type=\"wp-page\" data-elementor-id=\"14054\" class=\"elementor elementor-14054\" data-elementor-post-type=\"page\">\n\t\t\t\t\t\t\t\t\t<section data-particle_enable=\"false\" data-particle-mobile-disabled=\"false\" class=\"elementor-section elementor-top-section elementor-element elementor-element-2216cbe elementor-section-boxed elementor-section-height-default elementor-section-height-default\" data-id=\"2216cbe\" data-element_type=\"section\">\n\t\t\t\t\t\t<div class=\"elementor-container elementor-column-gap-default\">\n\t\t\t\t\t<div class=\"elementor-column elementor-col-100 elementor-top-column elementor-element elementor-element-74f760b\" data-id=\"74f760b\" data-element_type=\"column\">\n\t\t\t<div class=\"elementor-widget-wrap elementor-element-populated\">\n\t\t\t\t\t\t\t\t<div class=\"elementor-element elementor-element-0c51a4b elementor-widget elementor-widget-text-editor\" data-id=\"0c51a4b\" data-element_type=\"widget\" data-widget_type=\"text-editor.default\">\n\t\t\t\t<div class=\"elementor-widget-container\">\n\t\t\t<style>\/*! elementor - v3.17.0 - 08-11-2023 *\/\n.elementor-widget-text-editor.elementor-drop-cap-view-stacked .elementor-drop-cap{background-color:#69727d;color:#fff}.elementor-widget-text-editor.elementor-drop-cap-view-framed .elementor-drop-cap{color:#69727d;border:3px solid;background-color:transparent}.elementor-widget-text-editor:not(.elementor-drop-cap-view-default) .elementor-drop-cap{margin-top:8px}.elementor-widget-text-editor:not(.elementor-drop-cap-view-default) .elementor-drop-cap-letter{width:1em;height:1em}.elementor-widget-text-editor .elementor-drop-cap{float:left;text-align:center;line-height:1;font-size:50px}.elementor-widget-text-editor .elementor-drop-cap-letter{display:inline-block}<\/style>\t\t\t\t<p>La contribution du Fonds Fran\u00e7ais pour l&#8217;Environnement Mondial (FFEM) au projet s&#8217;inscrit dans le cadre de l&#8217;initiative de la Banque mondiale WACA (West Africa Coastal Areas Management Program), qui vise \u00e0 apporter une assistance technique \u00e0 la gestion du littoral en Afrique de l&#8217;Ouest. Cette initiative a pour objectif initial de renforcer la gouvernance r\u00e9gionale et nationale dans les pays cibl\u00e9s, ainsi que d&#8217;am\u00e9liorer leur base de connaissances sur l&#8217;\u00e9rosion c\u00f4ti\u00e8re, les inondations et autres risques associ\u00e9s aux changements climatiques le long des c\u00f4tes. Le projet &#8220;Solutions Douces et Suivi des Risques C\u00f4tiers&#8221; combine un renforcement cibl\u00e9 des comp\u00e9tences des acteurs cl\u00e9s de la gestion des risques littoraux au B\u00e9nin, au S\u00e9n\u00e9gal et au Togo, avec des activit\u00e9s d\u00e9monstratives de mise en place de solutions douces de protection des c\u00f4tes sur des sites pilotes. Le CSE assure la coordination du projet avec un ensemble de partenaires. Initialement pr\u00e9vu pour une dur\u00e9e de quatre ans (2018-2022), le projet a b\u00e9n\u00e9fici\u00e9 d&#8217;une extension en raison des perturbations li\u00e9es \u00e0 la Covid-19, avec des activit\u00e9s qui se poursuivent.<\/p>\t\t\t\t\t\t<\/div>\n\t\t\t\t<\/div>\n\t\t\t\t<div class=\"elementor-element elementor-element-37564e9 elementor-align-center elementor-widget elementor-widget-button\" data-id=\"37564e9\" data-element_type=\"widget\" data-widget_type=\"button.default\">\n\t\t\t\t<div class=\"elementor-widget-container\">\n\t\t\t\t\t<div class=\"elementor-button-wrapper\">\n\t\t\t<a class=\"elementor-button elementor-button-link elementor-size-sm\" href=\"https:\/\/www.orloa.net\/\" target=\"_blank\">\n\t\t\t\t\t\t<span class=\"elementor-button-content-wrapper\">\n\t\t\t\t\t\t<span class=\"elementor-button-icon elementor-align-icon-right\">\n\t\t\t\t<i aria-hidden=\"true\" class=\"organey-icon- organey-icon-short-arrow-left\"><\/i>\t\t\t<\/span>\n\t\t\t\t\t\t<span class=\"elementor-button-text\">Voir la plateforme<\/span>\n\t\t<\/span>\n\t\t\t\t\t<\/a>\n\t\t<\/div>\n\t\t\t\t<\/div>\n\t\t\t\t<\/div>\n\t\t\t\t<div class=\"elementor-element elementor-element-cc66daa elementor-widget elementor-widget-image\" data-id=\"cc66daa\" data-element_type=\"widget\" data-widget_type=\"image.default\">\n\t\t\t\t<div class=\"elementor-widget-container\">\n\t\t\t<style>\/*! elementor - v3.17.0 - 08-11-2023 *\/\n.elementor-widget-image{text-align:center}.elementor-widget-image a{display:inline-block}.elementor-widget-image a img[src$=\".svg\"]{width:48px}.elementor-widget-image img{vertical-align:middle;display:inline-block}<\/style>\t\t\t\t\t\t\t\t\t\t\t\t<img loading=\"lazy\" decoding=\"async\" width=\"1086\" height=\"141\" src=\"https:\/\/www.cse.sn\/wp-content\/uploads\/2024\/06\/orloa-1.jpg\" class=\"attachment-full size-full wp-image-14059\" alt=\"\" srcset=\"https:\/\/www.cse.sn\/wp-content\/uploads\/2024\/06\/orloa-1.jpg 1086w, https:\/\/www.cse.sn\/wp-content\/uploads\/2024\/06\/orloa-1-300x39.jpg 300w, https:\/\/www.cse.sn\/wp-content\/uploads\/2024\/06\/orloa-1-1024x133.jpg 1024w, https:\/\/www.cse.sn\/wp-content\/uploads\/2024\/06\/orloa-1-768x100.jpg 768w\" sizes=\"auto, (max-width: 1086px) 100vw, 1086px\" \/>\t\t\t\t\t\t\t\t\t\t\t\t\t\t\t<\/div>\n\t\t\t\t<\/div>\n\t\t\t\t\t<\/div>\n\t\t<\/div>\n\t\t\t\t\t\t\t<\/div>\n\t\t<\/section>\n\t\t\t\t\t\t\t<\/div>\n\t\t","protected":false},"excerpt":{"rendered":"<p>La contribution du Fonds Fran\u00e7ais pour l&#8217;Environnement Mondial (FFEM) au projet s&#8217;inscrit dans le cadre de l&#8217;initiative de la Banque mondiale WACA (West Africa Coastal Areas Management Program), qui vise \u00e0 apporter une assistance technique \u00e0 la gestion du littoral en Afrique de l&#8217;Ouest. Cette initiative a pour objectif initial de renforcer la gouvernance r\u00e9gionale [&hellip;]<\/p>\n","protected":false},"author":1,"featured_media":0,"parent":0,"menu_order":0,"comment_status":"closed","ping_status":"closed","template":"","meta":{"inline_featured_image":false,"cybocfi_hide_featured_image":"","footnotes":""},"class_list":["post-14054","page","type-page","status-publish","hentry"],"yoast_head":"<!-- This site is optimized with the Yoast SEO plugin v27.4 - https:\/\/yoast.com\/product\/yoast-seo-wordpress\/ -->\n<title>Projet \u00ab Suivi des Risques c\u00f4tiers et solutions douces au B\u00e9nin, S\u00e9n\u00e9gal et Togo \u00bb - Centre de Suivi \u00c9cologique<\/title>\n<meta name=\"robots\" content=\"index, follow, max-snippet:-1, max-image-preview:large, max-video-preview:-1\" \/>\n<link rel=\"canonical\" href=\"https:\/\/www.cse.sn\/?page_id=14054\" \/>\n<meta property=\"og:locale\" content=\"fr_FR\" \/>\n<meta property=\"og:type\" content=\"article\" \/>\n<meta property=\"og:title\" content=\"Projet \u00ab Suivi des Risques c\u00f4tiers et solutions douces au B\u00e9nin, S\u00e9n\u00e9gal et Togo \u00bb - Centre de Suivi \u00c9cologique\" \/>\n<meta property=\"og:description\" content=\"La contribution du Fonds Fran\u00e7ais pour l&#8217;Environnement Mondial (FFEM) au projet s&#8217;inscrit dans le cadre de l&#8217;initiative de la Banque mondiale WACA (West Africa Coastal Areas Management Program), qui vise \u00e0 apporter une assistance technique \u00e0 la gestion du littoral en Afrique de l&#8217;Ouest. Cette initiative a pour objectif initial de renforcer la gouvernance r\u00e9gionale [&hellip;]\" \/>\n<meta property=\"og:url\" content=\"https:\/\/www.cse.sn\/?page_id=14054\" \/>\n<meta property=\"og:site_name\" content=\"Centre de Suivi \u00c9cologique\" \/>\n<meta property=\"article:modified_time\" content=\"2024-06-19T12:35:44+00:00\" \/>\n<meta property=\"og:image\" content=\"https:\/\/www.cse.sn\/wp-content\/uploads\/2024\/06\/orloa-1.jpg\" \/>\n<meta name=\"twitter:card\" content=\"summary_large_image\" \/>\n<meta name=\"twitter:label1\" content=\"Dur\u00e9e de lecture estim\u00e9e\" \/>\n\t<meta name=\"twitter:data1\" content=\"2 minutes\" \/>\n<script type=\"application\/ld+json\" class=\"yoast-schema-graph\">{\"@context\":\"https:\\\/\\\/schema.org\",\"@graph\":[{\"@type\":\"WebPage\",\"@id\":\"https:\\\/\\\/www.cse.sn\\\/?page_id=14054\",\"url\":\"https:\\\/\\\/www.cse.sn\\\/?page_id=14054\",\"name\":\"Projet \u00ab Suivi des Risques c\u00f4tiers et solutions douces au B\u00e9nin, S\u00e9n\u00e9gal et Togo \u00bb - Centre de Suivi \u00c9cologique\",\"isPartOf\":{\"@id\":\"https:\\\/\\\/www.cse.sn\\\/#website\"},\"primaryImageOfPage\":{\"@id\":\"https:\\\/\\\/www.cse.sn\\\/?page_id=14054#primaryimage\"},\"image\":{\"@id\":\"https:\\\/\\\/www.cse.sn\\\/?page_id=14054#primaryimage\"},\"thumbnailUrl\":\"https:\\\/\\\/www.cse.sn\\\/wp-content\\\/uploads\\\/2024\\\/06\\\/orloa-1.jpg\",\"datePublished\":\"2024-06-19T12:28:11+00:00\",\"dateModified\":\"2024-06-19T12:35:44+00:00\",\"inLanguage\":\"fr-FR\",\"potentialAction\":[{\"@type\":\"ReadAction\",\"target\":[\"https:\\\/\\\/www.cse.sn\\\/?page_id=14054\"]}]},{\"@type\":\"ImageObject\",\"inLanguage\":\"fr-FR\",\"@id\":\"https:\\\/\\\/www.cse.sn\\\/?page_id=14054#primaryimage\",\"url\":\"https:\\\/\\\/www.cse.sn\\\/wp-content\\\/uploads\\\/2024\\\/06\\\/orloa-1.jpg\",\"contentUrl\":\"https:\\\/\\\/www.cse.sn\\\/wp-content\\\/uploads\\\/2024\\\/06\\\/orloa-1.jpg\",\"width\":1086,\"height\":141},{\"@type\":\"WebSite\",\"@id\":\"https:\\\/\\\/www.cse.sn\\\/#website\",\"url\":\"https:\\\/\\\/www.cse.sn\\\/\",\"name\":\"Centre de Suivi \u00c9cologique\",\"description\":\"\",\"publisher\":{\"@id\":\"https:\\\/\\\/www.cse.sn\\\/#organization\"},\"potentialAction\":[{\"@type\":\"SearchAction\",\"target\":{\"@type\":\"EntryPoint\",\"urlTemplate\":\"https:\\\/\\\/www.cse.sn\\\/?s={search_term_string}\"},\"query-input\":{\"@type\":\"PropertyValueSpecification\",\"valueRequired\":true,\"valueName\":\"search_term_string\"}}],\"inLanguage\":\"fr-FR\"},{\"@type\":\"Organization\",\"@id\":\"https:\\\/\\\/www.cse.sn\\\/#organization\",\"name\":\"Centre de Suivi \u00c9cologique\",\"url\":\"https:\\\/\\\/www.cse.sn\\\/\",\"logo\":{\"@type\":\"ImageObject\",\"inLanguage\":\"fr-FR\",\"@id\":\"https:\\\/\\\/www.cse.sn\\\/#\\\/schema\\\/logo\\\/image\\\/\",\"url\":\"https:\\\/\\\/www.cse.sn\\\/wp-content\\\/uploads\\\/2023\\\/03\\\/logo-cse-siteweb.png\",\"contentUrl\":\"https:\\\/\\\/www.cse.sn\\\/wp-content\\\/uploads\\\/2023\\\/03\\\/logo-cse-siteweb.png\",\"width\":234,\"height\":90,\"caption\":\"Centre de Suivi \u00c9cologique\"},\"image\":{\"@id\":\"https:\\\/\\\/www.cse.sn\\\/#\\\/schema\\\/logo\\\/image\\\/\"}}]}<\/script>\n<!-- \/ Yoast SEO plugin. -->","yoast_head_json":{"title":"Projet \u00ab Suivi des Risques c\u00f4tiers et solutions douces au B\u00e9nin, S\u00e9n\u00e9gal et Togo \u00bb - Centre de Suivi \u00c9cologique","robots":{"index":"index","follow":"follow","max-snippet":"max-snippet:-1","max-image-preview":"max-image-preview:large","max-video-preview":"max-video-preview:-1"},"canonical":"https:\/\/www.cse.sn\/?page_id=14054","og_locale":"fr_FR","og_type":"article","og_title":"Projet \u00ab Suivi des Risques c\u00f4tiers et solutions douces au B\u00e9nin, S\u00e9n\u00e9gal et Togo \u00bb - Centre de Suivi \u00c9cologique","og_description":"La contribution du Fonds Fran\u00e7ais pour l&#8217;Environnement Mondial (FFEM) au projet s&#8217;inscrit dans le cadre de l&#8217;initiative de la Banque mondiale WACA (West Africa Coastal Areas Management Program), qui vise \u00e0 apporter une assistance technique \u00e0 la gestion du littoral en Afrique de l&#8217;Ouest. Cette initiative a pour objectif initial de renforcer la gouvernance r\u00e9gionale [&hellip;]","og_url":"https:\/\/www.cse.sn\/?page_id=14054","og_site_name":"Centre de Suivi \u00c9cologique","article_modified_time":"2024-06-19T12:35:44+00:00","og_image":[{"url":"https:\/\/www.cse.sn\/wp-content\/uploads\/2024\/06\/orloa-1.jpg","type":"","width":"","height":""}],"twitter_card":"summary_large_image","twitter_misc":{"Dur\u00e9e de lecture estim\u00e9e":"2 minutes"},"schema":{"@context":"https:\/\/schema.org","@graph":[{"@type":"WebPage","@id":"https:\/\/www.cse.sn\/?page_id=14054","url":"https:\/\/www.cse.sn\/?page_id=14054","name":"Projet \u00ab Suivi des Risques c\u00f4tiers et solutions douces au B\u00e9nin, S\u00e9n\u00e9gal et Togo \u00bb - Centre de Suivi \u00c9cologique","isPartOf":{"@id":"https:\/\/www.cse.sn\/#website"},"primaryImageOfPage":{"@id":"https:\/\/www.cse.sn\/?page_id=14054#primaryimage"},"image":{"@id":"https:\/\/www.cse.sn\/?page_id=14054#primaryimage"},"thumbnailUrl":"https:\/\/www.cse.sn\/wp-content\/uploads\/2024\/06\/orloa-1.jpg","datePublished":"2024-06-19T12:28:11+00:00","dateModified":"2024-06-19T12:35:44+00:00","inLanguage":"fr-FR","potentialAction":[{"@type":"ReadAction","target":["https:\/\/www.cse.sn\/?page_id=14054"]}]},{"@type":"ImageObject","inLanguage":"fr-FR","@id":"https:\/\/www.cse.sn\/?page_id=14054#primaryimage","url":"https:\/\/www.cse.sn\/wp-content\/uploads\/2024\/06\/orloa-1.jpg","contentUrl":"https:\/\/www.cse.sn\/wp-content\/uploads\/2024\/06\/orloa-1.jpg","width":1086,"height":141},{"@type":"WebSite","@id":"https:\/\/www.cse.sn\/#website","url":"https:\/\/www.cse.sn\/","name":"Centre de Suivi \u00c9cologique","description":"","publisher":{"@id":"https:\/\/www.cse.sn\/#organization"},"potentialAction":[{"@type":"SearchAction","target":{"@type":"EntryPoint","urlTemplate":"https:\/\/www.cse.sn\/?s={search_term_string}"},"query-input":{"@type":"PropertyValueSpecification","valueRequired":true,"valueName":"search_term_string"}}],"inLanguage":"fr-FR"},{"@type":"Organization","@id":"https:\/\/www.cse.sn\/#organization","name":"Centre de Suivi \u00c9cologique","url":"https:\/\/www.cse.sn\/","logo":{"@type":"ImageObject","inLanguage":"fr-FR","@id":"https:\/\/www.cse.sn\/#\/schema\/logo\/image\/","url":"https:\/\/www.cse.sn\/wp-content\/uploads\/2023\/03\/logo-cse-siteweb.png","contentUrl":"https:\/\/www.cse.sn\/wp-content\/uploads\/2023\/03\/logo-cse-siteweb.png","width":234,"height":90,"caption":"Centre de Suivi \u00c9cologique"},"image":{"@id":"https:\/\/www.cse.sn\/#\/schema\/logo\/image\/"}}]}},"_links":{"self":[{"href":"https:\/\/www.cse.sn\/index.php?rest_route=\/wp\/v2\/pages\/14054","targetHints":{"allow":["GET"]}}],"collection":[{"href":"https:\/\/www.cse.sn\/index.php?rest_route=\/wp\/v2\/pages"}],"about":[{"href":"https:\/\/www.cse.sn\/index.php?rest_route=\/wp\/v2\/types\/page"}],"author":[{"embeddable":true,"href":"https:\/\/www.cse.sn\/index.php?rest_route=\/wp\/v2\/users\/1"}],"replies":[{"embeddable":true,"href":"https:\/\/www.cse.sn\/index.php?rest_route=%2Fwp%2Fv2%2Fcomments&post=14054"}],"version-history":[{"count":7,"href":"https:\/\/www.cse.sn\/index.php?rest_route=\/wp\/v2\/pages\/14054\/revisions"}],"predecessor-version":[{"id":14062,"href":"https:\/\/www.cse.sn\/index.php?rest_route=\/wp\/v2\/pages\/14054\/revisions\/14062"}],"wp:attachment":[{"href":"https:\/\/www.cse.sn\/index.php?rest_route=%2Fwp%2Fv2%2Fmedia&parent=14054"}],"curies":[{"name":"wp","href":"https:\/\/api.w.org\/{rel}","templated":true}]}}