{"id":9817,"date":"2023-03-17T23:02:50","date_gmt":"2023-03-17T22:02:50","guid":{"rendered":"https:\/\/www.cse.sn\/?page_id=9817"},"modified":"2025-08-08T11:11:23","modified_gmt":"2025-08-08T11:11:23","slug":"gouvernance","status":"publish","type":"page","link":"https:\/\/www.cse.sn\/?page_id=9817","title":{"rendered":"Gouvernance"},"content":{"rendered":"\t\t<div data-elementor-type=\"wp-page\" data-elementor-id=\"9817\" class=\"elementor elementor-9817\" data-elementor-post-type=\"page\">\n\t\t\t\t\t\t\t\t\t<section data-particle_enable=\"false\" data-particle-mobile-disabled=\"false\" class=\"elementor-section elementor-top-section elementor-element elementor-element-b9ea95b elementor-section-boxed elementor-section-height-default elementor-section-height-default\" data-id=\"b9ea95b\" data-element_type=\"section\">\n\t\t\t\t\t\t<div class=\"elementor-container elementor-column-gap-default\">\n\t\t\t\t\t<div class=\"elementor-column elementor-col-100 elementor-top-column elementor-element elementor-element-7f90598\" data-id=\"7f90598\" data-element_type=\"column\">\n\t\t\t<div class=\"elementor-widget-wrap elementor-element-populated\">\n\t\t\t\t\t\t\t\t<div class=\"elementor-element elementor-element-d960df0 elementor-widget elementor-widget-text-editor\" data-id=\"d960df0\" data-element_type=\"widget\" data-widget_type=\"text-editor.default\">\n\t\t\t\t<div class=\"elementor-widget-container\">\n\t\t\t<style>\/*! elementor - v3.17.0 - 08-11-2023 *\/\n.elementor-widget-text-editor.elementor-drop-cap-view-stacked .elementor-drop-cap{background-color:#69727d;color:#fff}.elementor-widget-text-editor.elementor-drop-cap-view-framed .elementor-drop-cap{color:#69727d;border:3px solid;background-color:transparent}.elementor-widget-text-editor:not(.elementor-drop-cap-view-default) .elementor-drop-cap{margin-top:8px}.elementor-widget-text-editor:not(.elementor-drop-cap-view-default) .elementor-drop-cap-letter{width:1em;height:1em}.elementor-widget-text-editor .elementor-drop-cap{float:left;text-align:center;line-height:1;font-size:50px}.elementor-widget-text-editor .elementor-drop-cap-letter{display:inline-block}<\/style>\t\t\t\t<section class=\"elementor-section elementor-top-section elementor-element elementor-element-16bd996 elementor-section-boxed elementor-section-height-default elementor-section-height-default\" data-id=\"16bd996\" data-element_type=\"section\"><div class=\"elementor-container elementor-column-gap-default\"><div class=\"elementor-row\"><div class=\"elementor-column elementor-col-100 elementor-top-column elementor-element elementor-element-104aa2f\" data-id=\"104aa2f\" data-element_type=\"column\"><div class=\"elementor-column-wrap elementor-element-populated\"><div class=\"elementor-widget-wrap\"><div class=\"elementor-element elementor-element-8d840d1 elementor-widget elementor-widget-text-editor\" data-id=\"8d840d1\" data-element_type=\"widget\" data-widget_type=\"text-editor.default\"><div class=\"elementor-widget-container\"><div class=\"elementor-text-editor elementor-clearfix\"><p>Au cours de sa 16i\u00e8me session ordinaire, l\u2019Assembl\u00e9e G\u00e9n\u00e9rale du Centre de Suivi Ecologique (CSE) avait recommand\u00e9 \u00e0 la Direction G\u00e9n\u00e9rale de mener une \u00e9tude institutionnelle. Les r\u00e9sultats attendus \u00e9taient des orientations pour la r\u00e9vision du statut du CSE, qui jusque-l\u00e0 avait un statut d\u2019Association d\u2019Utilit\u00e9 publique. A l\u2019issue de l\u2019analyse institutionnelle, les r\u00e9sultats ont montr\u00e9 que le statut actuel du CSE restait encore appropri\u00e9 pour garantir son autonomie et sa cr\u00e9dibilit\u00e9 scientifique. Cependant, certains r\u00e9ajustements devaient \u00eatre men\u00e9s en vue d\u2019une part, de renforcer le c\u0153ur de m\u00e9tier du CSE et d\u2019autre part, de consolider les innovations et les diversifications dans lesquelles le CSE s\u2019est engag\u00e9 ces derni\u00e8res ann\u00e9es.<\/p><p>C\u2019est cela qui motive le r\u00e9arrangement de l\u2019Organigramme du CSE, tel que propos\u00e9 ci-dessous.<\/p><\/div><\/div><\/div><\/div><\/div><\/div><\/div><\/div><\/section>\t\t\t\t\t\t<\/div>\n\t\t\t\t<\/div>\n\t\t\t\t\t<\/div>\n\t\t<\/div>\n\t\t\t\t\t\t\t<\/div>\n\t\t<\/section>\n\t\t\t\t<section data-particle_enable=\"false\" data-particle-mobile-disabled=\"false\" class=\"elementor-section elementor-top-section elementor-element elementor-element-a191842 elementor-section-boxed elementor-section-height-default elementor-section-height-default\" data-id=\"a191842\" data-element_type=\"section\">\n\t\t\t\t\t\t<div class=\"elementor-container elementor-column-gap-default\">\n\t\t\t\t\t<div class=\"elementor-column elementor-col-100 elementor-top-column elementor-element elementor-element-f799fbc\" data-id=\"f799fbc\" data-element_type=\"column\">\n\t\t\t<div class=\"elementor-widget-wrap elementor-element-populated\">\n\t\t\t\t\t\t\t\t<div class=\"elementor-element elementor-element-82c2322 elementor-widget elementor-widget-image\" data-id=\"82c2322\" data-element_type=\"widget\" data-widget_type=\"image.default\">\n\t\t\t\t<div class=\"elementor-widget-container\">\n\t\t\t<style>\/*! elementor - v3.17.0 - 08-11-2023 *\/\n.elementor-widget-image{text-align:center}.elementor-widget-image a{display:inline-block}.elementor-widget-image a img[src$=\".svg\"]{width:48px}.elementor-widget-image img{vertical-align:middle;display:inline-block}<\/style>\t\t\t\t\t\t\t\t\t\t\t\t<img loading=\"lazy\" decoding=\"async\" width=\"800\" height=\"450\" src=\"https:\/\/www.cse.sn\/wp-content\/uploads\/2025\/08\/Nouvel-organigramme-CSE-2025.png\" class=\"attachment-large size-large wp-image-15087\" alt=\"\" srcset=\"https:\/\/www.cse.sn\/wp-content\/uploads\/2025\/08\/Nouvel-organigramme-CSE-2025.png 961w, https:\/\/www.cse.sn\/wp-content\/uploads\/2025\/08\/Nouvel-organigramme-CSE-2025-300x169.png 300w, https:\/\/www.cse.sn\/wp-content\/uploads\/2025\/08\/Nouvel-organigramme-CSE-2025-768x432.png 768w\" sizes=\"auto, (max-width: 800px) 100vw, 800px\" \/>\t\t\t\t\t\t\t\t\t\t\t\t\t\t\t<\/div>\n\t\t\t\t<\/div>\n\t\t\t\t\t<\/div>\n\t\t<\/div>\n\t\t\t\t\t\t\t<\/div>\n\t\t<\/section>\n\t\t\t\t\t\t\t<\/div>\n\t\t","protected":false},"excerpt":{"rendered":"<p>Au cours de sa 16i\u00e8me session ordinaire, l\u2019Assembl\u00e9e G\u00e9n\u00e9rale du Centre de Suivi Ecologique (CSE) avait recommand\u00e9 \u00e0 la Direction G\u00e9n\u00e9rale de mener une \u00e9tude institutionnelle. Les r\u00e9sultats attendus \u00e9taient des orientations pour la r\u00e9vision du statut du CSE, qui jusque-l\u00e0 avait un statut d\u2019Association d\u2019Utilit\u00e9 publique. A l\u2019issue de l\u2019analyse institutionnelle, les r\u00e9sultats ont [&hellip;]<\/p>\n","protected":false},"author":1,"featured_media":0,"parent":0,"menu_order":0,"comment_status":"closed","ping_status":"closed","template":"","meta":{"inline_featured_image":false,"cybocfi_hide_featured_image":"","footnotes":""},"class_list":["post-9817","page","type-page","status-publish","hentry"],"yoast_head":"<!-- This site is optimized with the Yoast SEO plugin v27.5 - https:\/\/yoast.com\/product\/yoast-seo-wordpress\/ -->\n<title>Gouvernance - Centre de Suivi \u00c9cologique<\/title>\n<meta name=\"robots\" content=\"index, follow, max-snippet:-1, max-image-preview:large, max-video-preview:-1\" \/>\n<link rel=\"canonical\" href=\"https:\/\/www.cse.sn\/?page_id=9817\" \/>\n<meta property=\"og:locale\" content=\"fr_FR\" \/>\n<meta property=\"og:type\" content=\"article\" \/>\n<meta property=\"og:title\" content=\"Gouvernance - Centre de Suivi \u00c9cologique\" \/>\n<meta property=\"og:description\" content=\"Au cours de sa 16i\u00e8me session ordinaire, l\u2019Assembl\u00e9e G\u00e9n\u00e9rale du Centre de Suivi Ecologique (CSE) avait recommand\u00e9 \u00e0 la Direction G\u00e9n\u00e9rale de mener une \u00e9tude institutionnelle. Les r\u00e9sultats attendus \u00e9taient des orientations pour la r\u00e9vision du statut du CSE, qui jusque-l\u00e0 avait un statut d\u2019Association d\u2019Utilit\u00e9 publique. A l\u2019issue de l\u2019analyse institutionnelle, les r\u00e9sultats ont [&hellip;]\" \/>\n<meta property=\"og:url\" content=\"https:\/\/www.cse.sn\/?page_id=9817\" \/>\n<meta property=\"og:site_name\" content=\"Centre de Suivi \u00c9cologique\" \/>\n<meta property=\"article:modified_time\" content=\"2025-08-08T11:11:23+00:00\" \/>\n<meta property=\"og:image\" content=\"https:\/\/www.cse.sn\/wp-content\/uploads\/2025\/08\/Nouvel-organigramme-CSE-2025.png\" \/>\n<meta name=\"twitter:card\" content=\"summary_large_image\" \/>\n<meta name=\"twitter:label1\" content=\"Dur\u00e9e de lecture estim\u00e9e\" \/>\n\t<meta name=\"twitter:data1\" content=\"2 minutes\" \/>\n<script type=\"application\/ld+json\" class=\"yoast-schema-graph\">{\"@context\":\"https:\\\/\\\/schema.org\",\"@graph\":[{\"@type\":\"WebPage\",\"@id\":\"https:\\\/\\\/www.cse.sn\\\/?page_id=9817\",\"url\":\"https:\\\/\\\/www.cse.sn\\\/?page_id=9817\",\"name\":\"Gouvernance - Centre de Suivi \u00c9cologique\",\"isPartOf\":{\"@id\":\"https:\\\/\\\/www.cse.sn\\\/#website\"},\"primaryImageOfPage\":{\"@id\":\"https:\\\/\\\/www.cse.sn\\\/?page_id=9817#primaryimage\"},\"image\":{\"@id\":\"https:\\\/\\\/www.cse.sn\\\/?page_id=9817#primaryimage\"},\"thumbnailUrl\":\"https:\\\/\\\/www.cse.sn\\\/wp-content\\\/uploads\\\/2025\\\/08\\\/Nouvel-organigramme-CSE-2025.png\",\"datePublished\":\"2023-03-17T22:02:50+00:00\",\"dateModified\":\"2025-08-08T11:11:23+00:00\",\"inLanguage\":\"fr-FR\",\"potentialAction\":[{\"@type\":\"ReadAction\",\"target\":[\"https:\\\/\\\/www.cse.sn\\\/?page_id=9817\"]}]},{\"@type\":\"ImageObject\",\"inLanguage\":\"fr-FR\",\"@id\":\"https:\\\/\\\/www.cse.sn\\\/?page_id=9817#primaryimage\",\"url\":\"https:\\\/\\\/www.cse.sn\\\/wp-content\\\/uploads\\\/2025\\\/08\\\/Nouvel-organigramme-CSE-2025.png\",\"contentUrl\":\"https:\\\/\\\/www.cse.sn\\\/wp-content\\\/uploads\\\/2025\\\/08\\\/Nouvel-organigramme-CSE-2025.png\",\"width\":961,\"height\":541},{\"@type\":\"WebSite\",\"@id\":\"https:\\\/\\\/www.cse.sn\\\/#website\",\"url\":\"https:\\\/\\\/www.cse.sn\\\/\",\"name\":\"Centre de Suivi \u00c9cologique\",\"description\":\"\",\"publisher\":{\"@id\":\"https:\\\/\\\/www.cse.sn\\\/#organization\"},\"potentialAction\":[{\"@type\":\"SearchAction\",\"target\":{\"@type\":\"EntryPoint\",\"urlTemplate\":\"https:\\\/\\\/www.cse.sn\\\/?s={search_term_string}\"},\"query-input\":{\"@type\":\"PropertyValueSpecification\",\"valueRequired\":true,\"valueName\":\"search_term_string\"}}],\"inLanguage\":\"fr-FR\"},{\"@type\":\"Organization\",\"@id\":\"https:\\\/\\\/www.cse.sn\\\/#organization\",\"name\":\"Centre de Suivi \u00c9cologique\",\"url\":\"https:\\\/\\\/www.cse.sn\\\/\",\"logo\":{\"@type\":\"ImageObject\",\"inLanguage\":\"fr-FR\",\"@id\":\"https:\\\/\\\/www.cse.sn\\\/#\\\/schema\\\/logo\\\/image\\\/\",\"url\":\"https:\\\/\\\/www.cse.sn\\\/wp-content\\\/uploads\\\/2023\\\/03\\\/logo-cse-siteweb.png\",\"contentUrl\":\"https:\\\/\\\/www.cse.sn\\\/wp-content\\\/uploads\\\/2023\\\/03\\\/logo-cse-siteweb.png\",\"width\":234,\"height\":90,\"caption\":\"Centre de Suivi \u00c9cologique\"},\"image\":{\"@id\":\"https:\\\/\\\/www.cse.sn\\\/#\\\/schema\\\/logo\\\/image\\\/\"}}]}<\/script>\n<!-- \/ Yoast SEO plugin. -->","yoast_head_json":{"title":"Gouvernance - Centre de Suivi \u00c9cologique","robots":{"index":"index","follow":"follow","max-snippet":"max-snippet:-1","max-image-preview":"max-image-preview:large","max-video-preview":"max-video-preview:-1"},"canonical":"https:\/\/www.cse.sn\/?page_id=9817","og_locale":"fr_FR","og_type":"article","og_title":"Gouvernance - Centre de Suivi \u00c9cologique","og_description":"Au cours de sa 16i\u00e8me session ordinaire, l\u2019Assembl\u00e9e G\u00e9n\u00e9rale du Centre de Suivi Ecologique (CSE) avait recommand\u00e9 \u00e0 la Direction G\u00e9n\u00e9rale de mener une \u00e9tude institutionnelle. Les r\u00e9sultats attendus \u00e9taient des orientations pour la r\u00e9vision du statut du CSE, qui jusque-l\u00e0 avait un statut d\u2019Association d\u2019Utilit\u00e9 publique. A l\u2019issue de l\u2019analyse institutionnelle, les r\u00e9sultats ont [&hellip;]","og_url":"https:\/\/www.cse.sn\/?page_id=9817","og_site_name":"Centre de Suivi \u00c9cologique","article_modified_time":"2025-08-08T11:11:23+00:00","og_image":[{"url":"https:\/\/www.cse.sn\/wp-content\/uploads\/2025\/08\/Nouvel-organigramme-CSE-2025.png","type":"","width":"","height":""}],"twitter_card":"summary_large_image","twitter_misc":{"Dur\u00e9e de lecture estim\u00e9e":"2 minutes"},"schema":{"@context":"https:\/\/schema.org","@graph":[{"@type":"WebPage","@id":"https:\/\/www.cse.sn\/?page_id=9817","url":"https:\/\/www.cse.sn\/?page_id=9817","name":"Gouvernance - Centre de Suivi \u00c9cologique","isPartOf":{"@id":"https:\/\/www.cse.sn\/#website"},"primaryImageOfPage":{"@id":"https:\/\/www.cse.sn\/?page_id=9817#primaryimage"},"image":{"@id":"https:\/\/www.cse.sn\/?page_id=9817#primaryimage"},"thumbnailUrl":"https:\/\/www.cse.sn\/wp-content\/uploads\/2025\/08\/Nouvel-organigramme-CSE-2025.png","datePublished":"2023-03-17T22:02:50+00:00","dateModified":"2025-08-08T11:11:23+00:00","inLanguage":"fr-FR","potentialAction":[{"@type":"ReadAction","target":["https:\/\/www.cse.sn\/?page_id=9817"]}]},{"@type":"ImageObject","inLanguage":"fr-FR","@id":"https:\/\/www.cse.sn\/?page_id=9817#primaryimage","url":"https:\/\/www.cse.sn\/wp-content\/uploads\/2025\/08\/Nouvel-organigramme-CSE-2025.png","contentUrl":"https:\/\/www.cse.sn\/wp-content\/uploads\/2025\/08\/Nouvel-organigramme-CSE-2025.png","width":961,"height":541},{"@type":"WebSite","@id":"https:\/\/www.cse.sn\/#website","url":"https:\/\/www.cse.sn\/","name":"Centre de Suivi \u00c9cologique","description":"","publisher":{"@id":"https:\/\/www.cse.sn\/#organization"},"potentialAction":[{"@type":"SearchAction","target":{"@type":"EntryPoint","urlTemplate":"https:\/\/www.cse.sn\/?s={search_term_string}"},"query-input":{"@type":"PropertyValueSpecification","valueRequired":true,"valueName":"search_term_string"}}],"inLanguage":"fr-FR"},{"@type":"Organization","@id":"https:\/\/www.cse.sn\/#organization","name":"Centre de Suivi \u00c9cologique","url":"https:\/\/www.cse.sn\/","logo":{"@type":"ImageObject","inLanguage":"fr-FR","@id":"https:\/\/www.cse.sn\/#\/schema\/logo\/image\/","url":"https:\/\/www.cse.sn\/wp-content\/uploads\/2023\/03\/logo-cse-siteweb.png","contentUrl":"https:\/\/www.cse.sn\/wp-content\/uploads\/2023\/03\/logo-cse-siteweb.png","width":234,"height":90,"caption":"Centre de Suivi \u00c9cologique"},"image":{"@id":"https:\/\/www.cse.sn\/#\/schema\/logo\/image\/"}}]}},"_links":{"self":[{"href":"https:\/\/www.cse.sn\/index.php?rest_route=\/wp\/v2\/pages\/9817","targetHints":{"allow":["GET"]}}],"collection":[{"href":"https:\/\/www.cse.sn\/index.php?rest_route=\/wp\/v2\/pages"}],"about":[{"href":"https:\/\/www.cse.sn\/index.php?rest_route=\/wp\/v2\/types\/page"}],"author":[{"embeddable":true,"href":"https:\/\/www.cse.sn\/index.php?rest_route=\/wp\/v2\/users\/1"}],"replies":[{"embeddable":true,"href":"https:\/\/www.cse.sn\/index.php?rest_route=%2Fwp%2Fv2%2Fcomments&post=9817"}],"version-history":[{"count":26,"href":"https:\/\/www.cse.sn\/index.php?rest_route=\/wp\/v2\/pages\/9817\/revisions"}],"predecessor-version":[{"id":15801,"href":"https:\/\/www.cse.sn\/index.php?rest_route=\/wp\/v2\/pages\/9817\/revisions\/15801"}],"wp:attachment":[{"href":"https:\/\/www.cse.sn\/index.php?rest_route=%2Fwp%2Fv2%2Fmedia&parent=9817"}],"curies":[{"name":"wp","href":"https:\/\/api.w.org\/{rel}","templated":true}]}}