{"id":9843,"date":"2023-03-17T23:13:13","date_gmt":"2023-03-17T22:13:13","guid":{"rendered":"https:\/\/www.cse.sn\/?page_id=9843"},"modified":"2023-04-18T02:01:58","modified_gmt":"2023-04-18T00:01:58","slug":"unite-geomatique","status":"publish","type":"page","link":"https:\/\/www.cse.sn\/?page_id=9843","title":{"rendered":"Unit\u00e9 G\u00e9omatique"},"content":{"rendered":"\t\t<div data-elementor-type=\"wp-page\" data-elementor-id=\"9843\" class=\"elementor elementor-9843\" data-elementor-post-type=\"page\">\n\t\t\t\t\t\t\t\t\t<section data-particle_enable=\"false\" data-particle-mobile-disabled=\"false\" class=\"elementor-section elementor-top-section elementor-element elementor-element-3c23c96 elementor-section-boxed elementor-section-height-default elementor-section-height-default\" data-id=\"3c23c96\" data-element_type=\"section\">\n\t\t\t\t\t\t<div class=\"elementor-container elementor-column-gap-default\">\n\t\t\t\t\t<div class=\"elementor-column elementor-col-100 elementor-top-column elementor-element elementor-element-fb2464e\" data-id=\"fb2464e\" data-element_type=\"column\">\n\t\t\t<div class=\"elementor-widget-wrap elementor-element-populated\">\n\t\t\t\t\t\t\t\t<div class=\"elementor-element elementor-element-10360a3 elementor-widget elementor-widget-eael-adv-tabs\" data-id=\"10360a3\" data-element_type=\"widget\" data-widget_type=\"eael-adv-tabs.default\">\n\t\t\t\t<div class=\"elementor-widget-container\">\n\t\t\t        <div id=\"eael-advance-tabs-10360a3\" class=\"eael-advance-tabs eael-tabs-vertical eael-tab-auto-active\" data-tabid=\"10360a3\">\n            <div class=\"eael-tabs-nav\">\n                <ul class=\"eael-tab-inline-icon\">\n                                            <li id=\"mission\" class=\"inactive eael-tab-item-trigger\" aria-selected=\"true\" data-tab=\"1\" role=\"tab\" tabindex=\"0\" aria-controls=\"mission-tab\" aria-expanded=\"false\">\n                            \n                                                                <i class=\"fas fa-leaf\"><\/i>                                                            \n                                                            <span class=\"eael-tab-title  title-after-icon\">Mission<\/span>                            \n                                                    <\/li>\n                                            <li id=\"objectifs\" class=\"inactive eael-tab-item-trigger\" aria-selected=\"false\" data-tab=\"2\" role=\"tab\" tabindex=\"-1\" aria-controls=\"objectifs-tab\" aria-expanded=\"false\">\n                            \n                                                                <img decoding=\"async\" src=\"https:\/\/www.cse.sn\/wp-content\/uploads\/2023\/03\/icons8-objectif-50.png\" alt=\"\">\n                                                            \n                                                            <span class=\"eael-tab-title  title-after-icon\">Objectifs<\/span>                            \n                                                    <\/li>\n                                    <\/ul>\n            <\/div>\n            \n            <div class=\"eael-tabs-content\">\n\t\t        \n                    <div id=\"mission-tab\" class=\"clearfix eael-tab-content-item inactive\" data-title-link=\"mission-tab\">\n\t\t\t\t        \t\t\t\t\t        <p>Appuyer les divers programmes majeurs du CSE dans le domaine de la cartographie et du Syst\u00e8me d\u2019information G\u00e9ographique (SIG). L\u2019unit\u00e9 veille \u00e0 la production de donn\u00e9es de base telles que les limites administratives, la toponymie, les collectivit\u00e9s locales, les r\u00e9seaux routiers et hydrographiques, la r\u00e9partition stratifi\u00e9e du couvert v\u00e9g\u00e9tal.<\/p><p>L\u2019unit\u00e9 g\u00e9omatique est responsable de l\u2019acquisition d\u2019images sur l\u2019ensemble des zones d\u2019intervention du CSE. En plus de l\u2019acquisition et du traitement des images, l\u2019unit\u00e9 est charg\u00e9e de la commande et de la gestion des appareils GPS du Centre. <\/p>\t\t\t\t                            <\/div>\n\t\t        \n                    <div id=\"objectifs-tab\" class=\"clearfix eael-tab-content-item inactive\" data-title-link=\"objectifs-tab\">\n\t\t\t\t        \t\t\t\t\t        <p>\u00a0<\/p><p>Am\u00e9liorer les proc\u00e9dures de traitement et de raccourcir les d\u00e9lais de production des donn\u00e9es destin\u00e9es aux programmes majeurs. <em>C\u2019est dans ce cadre que des statistiques relatives \u00e0 la dynamique de l\u2019occupation du sol sont r\u00e9alis\u00e9es sur l\u2019ensemble du pays. <\/em><\/p><p><em>En vue d\u2019am\u00e9liorer le suivi, des algorithmes sont attendus pour l\u2019automatisation de la d\u00e9tection des changements et la mise en place d\u2019une base de donn\u00e9es interactive. Les outils de mise en \u0153uvre de ces programmes seront bas\u00e9s sur\u00a0:<\/em><\/p><ul><li><em>Une formation continue en traitement d\u2019images et SIG\u00a0;<\/em><\/li><li><em>La r\u00e9alisation de scripts bas\u00e9s sur l\u2019Intelligence Artificielle pour am\u00e9liorer le traitement\u00a0;<\/em><\/li><li><em>L\u2019appui de l\u2019unit\u00e9 informatique pour la fonctionnalit\u00e9 de la base de donn\u00e9es\u00a0;<\/em><\/li><li><em>La mise en place d\u2019un comit\u00e9 de contr\u00f4le des documents et cartes produits\u00a0;<\/em><\/li><li><em>La stabilisation d\u2019une charte graphique pour standardiser la s\u00e9miologie.<\/em><\/li><\/ul><p>\u00a0<\/p>\t\t\t\t                            <\/div>\n\t\t                    <\/div>\n        <\/div>\n\t\t<\/div>\n\t\t\t\t<\/div>\n\t\t\t\t\t<\/div>\n\t\t<\/div>\n\t\t\t\t\t\t\t<\/div>\n\t\t<\/section>\n\t\t\t\t\t\t\t<\/div>\n\t\t","protected":false},"excerpt":{"rendered":"<p>Mission Objectifs Appuyer les divers programmes majeurs du CSE dans le domaine de la cartographie et du Syst\u00e8me d\u2019information G\u00e9ographique (SIG). L\u2019unit\u00e9 veille \u00e0 la production de donn\u00e9es de base telles que les limites administratives, la toponymie, les collectivit\u00e9s locales, les r\u00e9seaux routiers et hydrographiques, la r\u00e9partition stratifi\u00e9e du couvert v\u00e9g\u00e9tal. L\u2019unit\u00e9 g\u00e9omatique est responsable [&hellip;]<\/p>\n","protected":false},"author":1,"featured_media":0,"parent":0,"menu_order":0,"comment_status":"closed","ping_status":"closed","template":"","meta":{"inline_featured_image":false,"cybocfi_hide_featured_image":"","footnotes":""},"class_list":["post-9843","page","type-page","status-publish","hentry"],"yoast_head":"<!-- This site is optimized with the Yoast SEO plugin v27.4 - https:\/\/yoast.com\/product\/yoast-seo-wordpress\/ -->\n<title>Unit\u00e9 G\u00e9omatique - Centre de Suivi \u00c9cologique<\/title>\n<meta name=\"robots\" content=\"index, follow, max-snippet:-1, max-image-preview:large, max-video-preview:-1\" \/>\n<link rel=\"canonical\" href=\"https:\/\/www.cse.sn\/?page_id=9843\" \/>\n<meta property=\"og:locale\" content=\"fr_FR\" \/>\n<meta property=\"og:type\" content=\"article\" \/>\n<meta property=\"og:title\" content=\"Unit\u00e9 G\u00e9omatique - Centre de Suivi \u00c9cologique\" \/>\n<meta property=\"og:description\" content=\"Mission Objectifs Appuyer les divers programmes majeurs du CSE dans le domaine de la cartographie et du Syst\u00e8me d\u2019information G\u00e9ographique (SIG). L\u2019unit\u00e9 veille \u00e0 la production de donn\u00e9es de base telles que les limites administratives, la toponymie, les collectivit\u00e9s locales, les r\u00e9seaux routiers et hydrographiques, la r\u00e9partition stratifi\u00e9e du couvert v\u00e9g\u00e9tal. L\u2019unit\u00e9 g\u00e9omatique est responsable [&hellip;]\" \/>\n<meta property=\"og:url\" content=\"https:\/\/www.cse.sn\/?page_id=9843\" \/>\n<meta property=\"og:site_name\" content=\"Centre de Suivi \u00c9cologique\" \/>\n<meta property=\"article:modified_time\" content=\"2023-04-18T00:01:58+00:00\" \/>\n<meta property=\"og:image\" content=\"https:\/\/www.cse.sn\/wp-content\/uploads\/2023\/03\/icons8-objectif-50.png\" \/>\n<meta name=\"twitter:card\" content=\"summary_large_image\" \/>\n<meta name=\"twitter:label1\" content=\"Dur\u00e9e de lecture estim\u00e9e\" \/>\n\t<meta name=\"twitter:data1\" content=\"1 minute\" \/>\n<script type=\"application\/ld+json\" class=\"yoast-schema-graph\">{\"@context\":\"https:\\\/\\\/schema.org\",\"@graph\":[{\"@type\":\"WebPage\",\"@id\":\"https:\\\/\\\/www.cse.sn\\\/?page_id=9843\",\"url\":\"https:\\\/\\\/www.cse.sn\\\/?page_id=9843\",\"name\":\"Unit\u00e9 G\u00e9omatique - Centre de Suivi \u00c9cologique\",\"isPartOf\":{\"@id\":\"https:\\\/\\\/www.cse.sn\\\/#website\"},\"primaryImageOfPage\":{\"@id\":\"https:\\\/\\\/www.cse.sn\\\/?page_id=9843#primaryimage\"},\"image\":{\"@id\":\"https:\\\/\\\/www.cse.sn\\\/?page_id=9843#primaryimage\"},\"thumbnailUrl\":\"https:\\\/\\\/www.cse.sn\\\/wp-content\\\/uploads\\\/2023\\\/03\\\/icons8-objectif-50.png\",\"datePublished\":\"2023-03-17T22:13:13+00:00\",\"dateModified\":\"2023-04-18T00:01:58+00:00\",\"inLanguage\":\"fr-FR\",\"potentialAction\":[{\"@type\":\"ReadAction\",\"target\":[\"https:\\\/\\\/www.cse.sn\\\/?page_id=9843\"]}]},{\"@type\":\"ImageObject\",\"inLanguage\":\"fr-FR\",\"@id\":\"https:\\\/\\\/www.cse.sn\\\/?page_id=9843#primaryimage\",\"url\":\"https:\\\/\\\/www.cse.sn\\\/wp-content\\\/uploads\\\/2023\\\/03\\\/icons8-objectif-50.png\",\"contentUrl\":\"https:\\\/\\\/www.cse.sn\\\/wp-content\\\/uploads\\\/2023\\\/03\\\/icons8-objectif-50.png\",\"width\":50,\"height\":50},{\"@type\":\"WebSite\",\"@id\":\"https:\\\/\\\/www.cse.sn\\\/#website\",\"url\":\"https:\\\/\\\/www.cse.sn\\\/\",\"name\":\"Centre de Suivi \u00c9cologique\",\"description\":\"\",\"publisher\":{\"@id\":\"https:\\\/\\\/www.cse.sn\\\/#organization\"},\"potentialAction\":[{\"@type\":\"SearchAction\",\"target\":{\"@type\":\"EntryPoint\",\"urlTemplate\":\"https:\\\/\\\/www.cse.sn\\\/?s={search_term_string}\"},\"query-input\":{\"@type\":\"PropertyValueSpecification\",\"valueRequired\":true,\"valueName\":\"search_term_string\"}}],\"inLanguage\":\"fr-FR\"},{\"@type\":\"Organization\",\"@id\":\"https:\\\/\\\/www.cse.sn\\\/#organization\",\"name\":\"Centre de Suivi \u00c9cologique\",\"url\":\"https:\\\/\\\/www.cse.sn\\\/\",\"logo\":{\"@type\":\"ImageObject\",\"inLanguage\":\"fr-FR\",\"@id\":\"https:\\\/\\\/www.cse.sn\\\/#\\\/schema\\\/logo\\\/image\\\/\",\"url\":\"https:\\\/\\\/www.cse.sn\\\/wp-content\\\/uploads\\\/2023\\\/03\\\/logo-cse-siteweb.png\",\"contentUrl\":\"https:\\\/\\\/www.cse.sn\\\/wp-content\\\/uploads\\\/2023\\\/03\\\/logo-cse-siteweb.png\",\"width\":234,\"height\":90,\"caption\":\"Centre de Suivi \u00c9cologique\"},\"image\":{\"@id\":\"https:\\\/\\\/www.cse.sn\\\/#\\\/schema\\\/logo\\\/image\\\/\"}}]}<\/script>\n<!-- \/ Yoast SEO plugin. -->","yoast_head_json":{"title":"Unit\u00e9 G\u00e9omatique - Centre de Suivi \u00c9cologique","robots":{"index":"index","follow":"follow","max-snippet":"max-snippet:-1","max-image-preview":"max-image-preview:large","max-video-preview":"max-video-preview:-1"},"canonical":"https:\/\/www.cse.sn\/?page_id=9843","og_locale":"fr_FR","og_type":"article","og_title":"Unit\u00e9 G\u00e9omatique - Centre de Suivi \u00c9cologique","og_description":"Mission Objectifs Appuyer les divers programmes majeurs du CSE dans le domaine de la cartographie et du Syst\u00e8me d\u2019information G\u00e9ographique (SIG). L\u2019unit\u00e9 veille \u00e0 la production de donn\u00e9es de base telles que les limites administratives, la toponymie, les collectivit\u00e9s locales, les r\u00e9seaux routiers et hydrographiques, la r\u00e9partition stratifi\u00e9e du couvert v\u00e9g\u00e9tal. L\u2019unit\u00e9 g\u00e9omatique est responsable [&hellip;]","og_url":"https:\/\/www.cse.sn\/?page_id=9843","og_site_name":"Centre de Suivi \u00c9cologique","article_modified_time":"2023-04-18T00:01:58+00:00","og_image":[{"url":"https:\/\/www.cse.sn\/wp-content\/uploads\/2023\/03\/icons8-objectif-50.png","type":"","width":"","height":""}],"twitter_card":"summary_large_image","twitter_misc":{"Dur\u00e9e de lecture estim\u00e9e":"1 minute"},"schema":{"@context":"https:\/\/schema.org","@graph":[{"@type":"WebPage","@id":"https:\/\/www.cse.sn\/?page_id=9843","url":"https:\/\/www.cse.sn\/?page_id=9843","name":"Unit\u00e9 G\u00e9omatique - Centre de Suivi \u00c9cologique","isPartOf":{"@id":"https:\/\/www.cse.sn\/#website"},"primaryImageOfPage":{"@id":"https:\/\/www.cse.sn\/?page_id=9843#primaryimage"},"image":{"@id":"https:\/\/www.cse.sn\/?page_id=9843#primaryimage"},"thumbnailUrl":"https:\/\/www.cse.sn\/wp-content\/uploads\/2023\/03\/icons8-objectif-50.png","datePublished":"2023-03-17T22:13:13+00:00","dateModified":"2023-04-18T00:01:58+00:00","inLanguage":"fr-FR","potentialAction":[{"@type":"ReadAction","target":["https:\/\/www.cse.sn\/?page_id=9843"]}]},{"@type":"ImageObject","inLanguage":"fr-FR","@id":"https:\/\/www.cse.sn\/?page_id=9843#primaryimage","url":"https:\/\/www.cse.sn\/wp-content\/uploads\/2023\/03\/icons8-objectif-50.png","contentUrl":"https:\/\/www.cse.sn\/wp-content\/uploads\/2023\/03\/icons8-objectif-50.png","width":50,"height":50},{"@type":"WebSite","@id":"https:\/\/www.cse.sn\/#website","url":"https:\/\/www.cse.sn\/","name":"Centre de Suivi \u00c9cologique","description":"","publisher":{"@id":"https:\/\/www.cse.sn\/#organization"},"potentialAction":[{"@type":"SearchAction","target":{"@type":"EntryPoint","urlTemplate":"https:\/\/www.cse.sn\/?s={search_term_string}"},"query-input":{"@type":"PropertyValueSpecification","valueRequired":true,"valueName":"search_term_string"}}],"inLanguage":"fr-FR"},{"@type":"Organization","@id":"https:\/\/www.cse.sn\/#organization","name":"Centre de Suivi \u00c9cologique","url":"https:\/\/www.cse.sn\/","logo":{"@type":"ImageObject","inLanguage":"fr-FR","@id":"https:\/\/www.cse.sn\/#\/schema\/logo\/image\/","url":"https:\/\/www.cse.sn\/wp-content\/uploads\/2023\/03\/logo-cse-siteweb.png","contentUrl":"https:\/\/www.cse.sn\/wp-content\/uploads\/2023\/03\/logo-cse-siteweb.png","width":234,"height":90,"caption":"Centre de Suivi \u00c9cologique"},"image":{"@id":"https:\/\/www.cse.sn\/#\/schema\/logo\/image\/"}}]}},"_links":{"self":[{"href":"https:\/\/www.cse.sn\/index.php?rest_route=\/wp\/v2\/pages\/9843","targetHints":{"allow":["GET"]}}],"collection":[{"href":"https:\/\/www.cse.sn\/index.php?rest_route=\/wp\/v2\/pages"}],"about":[{"href":"https:\/\/www.cse.sn\/index.php?rest_route=\/wp\/v2\/types\/page"}],"author":[{"embeddable":true,"href":"https:\/\/www.cse.sn\/index.php?rest_route=\/wp\/v2\/users\/1"}],"replies":[{"embeddable":true,"href":"https:\/\/www.cse.sn\/index.php?rest_route=%2Fwp%2Fv2%2Fcomments&post=9843"}],"version-history":[{"count":5,"href":"https:\/\/www.cse.sn\/index.php?rest_route=\/wp\/v2\/pages\/9843\/revisions"}],"predecessor-version":[{"id":11417,"href":"https:\/\/www.cse.sn\/index.php?rest_route=\/wp\/v2\/pages\/9843\/revisions\/11417"}],"wp:attachment":[{"href":"https:\/\/www.cse.sn\/index.php?rest_route=%2Fwp%2Fv2%2Fmedia&parent=9843"}],"curies":[{"name":"wp","href":"https:\/\/api.w.org\/{rel}","templated":true}]}}